x(h) = 13*h**3 + 211*h**2 - 167*h + 46. Calculate x(-17).
-5
Let x(p) = p**3 - 78*p**2 + 299*p - 18. Calculate x(4).
-6
Let i(h) = -21*h + 68. What is i(0)?
68
Let w(n) = -n**3 - 8*n**2 - 25*n - 11. Determine w(-6).
67
Let v(g) = -16*g + 96. Calculate v(-4).
160
Let j(k) = k**2 - 1024*k - 7206. Calculate j(-7).
11
Let h(j) = j**3 - 75*j**2 + 591*j + 210. Give h(66).
12
Let u(t) = 172*t + 1931. Determine u(-11).
39
Let b(q) = q**2 - 3359*q - 16829. Give b(-5).
-9
Let y(d) = 7*d**2 + 15*d + 19. Determine y(-6).
181
Let v(g) = 138*g + 1934. Determine v(-14).
2
Let g(d) = -d**3 + 3*d**2 + 6*d + 99. Calculate g(0).
99
Let v(i) = 8012*i + 272400. Calculate v(-34).
-8
Let b(d) = -d**2 - 75*d - 914. Determine b(-60).
-14
Let f(x) = 259*x + 2274. What is f(-9)?
-57
Let p(x) = -248*x - 491. Calculate p(-2).
5
Let d(v) = -33*v**2 - 3*v + 825. Give d(0).
825
Let k(x) = x**3 + 4*x**2 - 64*x + 12. What is k(6)?
-12
Let s(g) = g**2 - 38*g + 47. Determine s(30).
-193
Let d(h) = -3023*h - 15120. Determine d(-5).
-5
Let c(o) = 1184*o + 31972. What is c(-27)?
4
Let x(h) = 102*h + 115. Calculate x(-1).
13
Let d(f) = -447*f - 7138. Give d(-16).
14
Let k(p) = 11*p - 44. Determine k(29).
275
Let j(k) = k**2 + 32*k - 618. Calculate j(17).
215
Let v(g) = 6*g**3 - 38*g**2 - 342*g + 2124. Calculate v(6).
0
Let l(g) = g**3 - 31*g**2 - 32*g - 34. Determine l(32).
-34
Let t(b) = -196*b - 6484. Give t(-33).
-16
Let i(k) = -29*k**2 - 166*k - 231. What is i(-4)?
-31
Let k(l) = 13*l - 467. Determine k(34).
-25
Let c(o) = 321*o + 3545. Determine c(-11).
14
Let f(g) = -633*g - 14625. Give f(-23).
-66
Let u(o) = -32*o**3 + 45*o**2 - 10*o + 7. What is u(1)?
10
Let x(n) = n**3 + n**2 - 2*n - 7. What is x(-2)?
-7
Let o(z) = -3*z**2 - 44*z - 11. Give o(-14).
17
Let o(m) = -23*m + 185. Calculate o(6).
47
Let i(j) = 11*j**3 + j**2 - 11*j + 10. Give i(1).
11
Let d(n) = 48*n**3 + n**2 + 3*n + 3. What is d(-1)?
-47
Let b(x) = 13*x - 214. What is b(36)?
254
Let a(t) = -58*t**2 - 112*t - 5. Give a(-2).
-13
Let o(r) = -17*r**3 + 7*r**2 - 8*r + 7. Give o(2).
-117
Let u(i) = 2*i**3 + 25*i**2 + 50*i - 112. What is u(-9)?
5
Let n(l) = -l**3 - 128*l**2 + 1993*l - 27. Give n(14).
43
Let x(r) = 18*r**2 - 5950*r - 2648. Calculate x(331).
0
Let o(j) = j + 2. Give o(13).
15
Let p(h) = -4*h**3 - 3*h**2 - 10*h - 8. Calculate p(-1).
3
Let k(t) = 189*t - 1322. Give k(7).
1
Let a(q) = -3*q**2 - 167*q + 6058. Give a(25).
8
Let z(t) = -6*t + 289. Give z(54).
-35
Let a(x) = x**3 - 6*x**2 + 21*x - 140. Determine a(6).
-14
Let d(y) = -75*y + 288. Determine d(5).
-87
Let w(i) = 43*i**2 + 1548*i + 24. What is w(-36)?
24
Let b(q) = -542*q - 537. Calculate b(-1).
5
Let t(w) = -2027*w - 145942. Give t(-72).
2
Let f(i) = i**3 + i**2 + 3*i - 2. Calculate f(2).
16
Let k(d) = -2*d**3 + 87*d**2 - 344*d - 263. Give k(39).
10
Let q(r) = -44*r - 110. Give q(-3).
22
Let x(q) = -3*q**2 - 218*q - 134. Give x(-72).
10
Let h(s) = -7114*s + 78250. What is h(11)?
-4
Let a(g) = 39*g + 12. What is a(0)?
12
Let l(t) = -234*t + 1156. Calculate l(5).
-14
Let g(r) = 78*r + 301. Calculate g(2).
457
Let j(h) = -2*h**3 - 39*h**2 + 15*h - 91. Give j(-20).
9
Let n(f) = 49*f + 1276. Calculate n(-25).
51
Let o(g) = 7*g**2 - 11*g - 66. What is o(-3)?
30
Let s(t) = t**3 - t**2 - 431*t - 2025. Calculate s(-5).
-20
Let q(s) = -13342*s + 26691. What is q(2)?
7
Let o(g) = -119*g + 89. What is o(1)?
-30
Let z(l) = 524*l - 1066. Determine z(2).
-18
Let m(n) = -13*n**2 - 45*n + 125. Determine m(3).
-127
Let a(v) = v**3 - 9*v**2 - 377*v + 1894. Give a(5).
-91
Let l(d) = -63*d - 38. What is l(-1)?
25
Let m(r) = -r**3 - 88*r**2 - 192*r + 5358. What is m(-85)?
3
Let v(h) = 10*h**2 + 27*h + 26. Determine v(-1).
9
Let f(c) = c**3 - 39*c**2 + 137*c + 1111. What is f(34)?
-11
Let d(f) = f**2 - 71*f - 711. Give d(-9).
9
Let l(g) = 3*g**3 + 138*g**2 - 4*g - 143. Give l(-46).
41
Let a(k) = k**3 - 14*k**2 + 6*k - 19. Give a(12).
-235
Let n(v) = v**2 + 22*v + 67. Determine n(-8).
-45
Let x(z) = -19*z + 179. What is x(13)?
-68
Let i(b) = b**2 + 26*b + 126. Give i(-6).
6
Let v(l) = 21*l + 187. Determine v(-10).
-23
Let k(c) = -c**3 + 3*c**2 + 164*c - 661. Determine k(4).
-21
Let z(o) = -34*o**2 + 652*o - 123. Calculate z(19).
-9
Let t(s) = 10*s + 1227. Give t(-127).
-43
Let g(n) = -10*n**3 - 17*n**2 + 5*n - 4. Determine g(-2).
-2
Let l(z) = -27*z - 89. Determine l(-6).
73
Let f(w) = 13*w - 156. Calculate f(11).
-13
Let g(a) = -a**3 + 16*a**2 - 34*a + 544. What is g(16)?
0
Let y(x) = -x**3 + 54*x**2 + 90*x - 1925. What is y(55)?
0
Let n(s) = 34*s - 136. Determine n(4).
0
Let z(s) = -10*s**2 - 36*s - 15. Give z(-3).
3
Let v(r) = r**3 - 15*r**2 - 17*r + 422. What is v(14)?
-12
Let f(k) = 4*k**2 + 117*k + 626. Determine f(-6).
68
Let q(t) = -79*t - 1673. Give q(-21).
-14
Let u(k) = 9*k**2 - 24*k - 5. What is u(3)?
4
Let s(o) = 15*o - 19. Determine s(-8).
-139
Let s(t) = 4*t**3 + 6*t**2 + 87*t + 243. Calculate s(-3).
-72
Let f(w) = 19*w + 331. Give f(-22).
-87
Let l(k) = -457*k + 4544. Determine l(10).
-26
Let q(l) = 226*l - 5032. Calculate q(22).
-60
Let i(g) = 2*g**2 + 16*g - 355. Calculate i(-18).
5
Let n(c) = 1364*c - 2734. Determine n(2).
-6
Let k(p) = 5*p**2 - 129*p - 62. Determine k(26).
-36
Let u(t) = -t**3 - 56*t**2 - 421*t + 92. Determine u(-47).
-2
Let m(l) = l**2 - 53*l + 390. Calculate m(21).
-282
Let s(y) = -66*y + 1391. What is s(21)?
5
Let y(z) = 394*z - 3763. Determine y(10).
177
Let k(v) = 2460*v + 4850. Give k(-2).
-70
Let r(s) = -s**2 + 20*s - 79. What is r(7)?
12
Let b(u) = -8*u**3 + 47*u**2 + 5*u - 14. What is b(6)?
-20
Let s(m) = -254*m - 42170. Determine s(-166).
-6
Let u(g) = -2*g**2 + 3*g - 2. Determine u(-6).
-92
Let t(z) = 3*z**2 - 144*z + 79. Give t(46).
-197
Let d(b) = b**2 + 876*b - 61157. Determine d(65).
8
Let p(f) = -f**3 - 13*f**2 - 27*f - 38. What is p(-9)?
-119
Let i(f) = 3*f**2 + 66*f + 5. Calculate i(-15).
-310
Let v(y) = y**2 + 55*y - 173. What is v(0)?
-173
Let t(l) = l**2 + 47*l - 497. What is t(9)?
7
Let o(c) = -55*c + 150. Give o(13).
-565
Let p(r) = r**2 + 29*r + 145. What is p(-28)?
117
Let y(a) = -a**2 - 111*a + 1346. Determine y(11).
4
Let k(w) = -w**3 - 28*w**2 - 26*w - 16. Give k(-27).
-43
Let a(y) = -2*y**3 - 4*y**2 + y + 3. What is a(1)?
-2
Let x(j) = j**2 - 3*j - 6. Determine x(2).
-8
Let q(z) = 48*z - 1570. Determine q(34).
62
Let o(p) = p**2 - 73*p + 58. What is o(0)?
58
Let x(v) = -9*v**2 + 23*v + 212. Determine x(-4).
-24
Let k(t) = t**2 + 280*t - 6635. What is k(22)?
9
Let r(m) = m**2 + 5*m - 97. Determine r(-13).
7
Let v(b) = 2*b**2 + 4*b - 26. Give v(-10).
134
Let u(w) = w**2 + 2*w - 26. What is u(5)?
9
Let j(d) = -96*d**2 - 4885*d + 577. What is j(-51)?
16
Let f(l) = -3*l**2 - 263*l - 5257. What is f(-31)?
13
Let p(f) = -4*f**2 - 179*f - 604. What is p(-41)?
11
Let j(w) = -w + 194. Calculate j(-5).
199
Let l(s) = -6*s**2 - 27*s - 203. What is l(-8)?
-371
Let k(c) = -c**3 + 581*c**2 - 3*c - 5. Calculate k(0).
-5
Let o(q) = q**3 + q**2 - 86*q - 6. Give o(9).
30
Let y(x) = 18*x**2 - 108*x - 3. Calculate y(6).
-3
Let n(y) = -38*y + 668. Give n(18).
-16
Let g(f) = -2*f**3 - 3*f**2 + 100*f - 490. Give g(5).
-315
Let z(f) = 16268*f - 97605. Calculate z(6).
3
Let y(b) = 118*b + 18772. Determine y(-159).
10
Let l(s) = -s**3 + 65*s**2 + 4*s - 267. Determine l(65).
-7
Let x(t) = 5*t**2 - 883*t + 1741. Calculate x(2).
-5
Let i(p) = -6*p**3 + 155*p**2 + 17*p + 32. What is i(26)?
-202
Let h(o) = o**2 - 3*o. Give h(-4).
28
Let t(z) = z**2 - 9*z + 13. Give t(5).
-7
Let r(w) = 20407*w + 244878. Calculate r(-12).
-6
Let b(m) = 6*m**3 - 2*m**2 - m + 6. Determine b(2).
44
Let i(t) = 10*t**2 - 101*t - 255. Determine i(12).
-27
Let a(m) = -m**3 + 36*m**2 - 178*m - 60. Determine a(30).
0
Let x(t) = -88*t**3 + 4*t**2 - 5*t + 3. What is x(1)?
-86
Let f(a) = -8727*a - 261816. Calculate f(-30).
-6
Let x(i) = 5*i + 41. Give x(12).
101
Let s(z) = z**2 + 298*z - 2. Calculate s(0).
-2
Let z(y) = 15*y - 47. Calculate z(5).
28
Let g(j) = j**3 - 42*j**2 - j - 113. Calculate g(42).
-155
Let x(i) = -i**3 - 8*i**2 + 11*i + 1. What is x(-9)?
-17
Let n(i) = -116*i + 959. What is n(8)?
31
Let l(x) = -5*x**2 + 7*x + 3. Calculate l(3).
-21
Let b(c) = 79*c - 1290. What is b(13)?
-263
Let m(y) = -6*y**2 + 7*y + 23. Give m(5).
-92
Let a(s) = -5*s**2 -